{"id":4899,"date":"2021-03-10T03:27:17","date_gmt":"2021-03-10T08:27:17","guid":{"rendered":"https:\/\/www.sjpack.com\/?page_id=4899"},"modified":"2024-07-31T12:30:01","modified_gmt":"2024-07-31T16:30:01","slug":"corporate-social-responsibility","status":"publish","type":"page","link":"https:\/\/www.sjpack.com\/fr\/corporate-social-responsibility\/","title":{"rendered":"Responsabilit\u00e9 sociale d&rsquo;entreprise"},"content":{"rendered":"<h3><b>Ensemble, pour un futur meilleur!<\/b><\/h3>\n<p>Nos employ\u00e9s sont la plus pr\u00e9cieuse ressource de l\u2019entreprise. C\u2019est pourquoi nous travaillons sur de bonnes habitudes de sant\u00e9 et mieux-\u00eatre au sein de notre \u00e9quipe, tout en soutenant la diversit\u00e9 et l\u2019inclusion \u00e0 travers l\u2019ensemble de l\u2019organisation. Nous nous sommes \u00e9galement engag\u00e9 \u00e0 redonner aux communaut\u00e9s dans lesquelles nous \u00e9voluons tout en encourageant l\u2019engagement communautaire aupr\u00e8s de notre personnel.\u00a0<\/p>\n","protected":false},"excerpt":{"rendered":"<p>Ensemble, pour un futur meilleur! Nos employ\u00e9s sont la plus pr\u00e9cieuse ressource de l\u2019entreprise. C\u2019est pourquoi nous travaillons sur de bonnes habitudes de sant\u00e9 et mieux-\u00eatre au sein de notre \u00e9quipe, tout en soutenant la diversit\u00e9 et l\u2019inclusion \u00e0 travers l\u2019ensemble de l\u2019organisation. Nous nous sommes \u00e9galement engag\u00e9 \u00e0 redonner aux communaut\u00e9s dans lesquelles nous [&hellip;]<\/p>\n","protected":false},"author":5,"featured_media":0,"parent":0,"menu_order":14,"comment_status":"closed","ping_status":"closed","template":"templates\/tpl_durable.php","meta":[],"yoast_head":"<!-- This site is optimized with the Yoast SEO plugin v15.2.1 - https:\/\/yoast.com\/wordpress\/plugins\/seo\/ -->\n<meta name=\"robots\" content=\"index, follow, max-snippet:-1, max-image-preview:large, max-video-preview:-1\" \/>\n<link rel=\"canonical\" href=\"https:\/\/www.sjpack.com\/fr\/corporate-social-responsibility\/\" \/>\n<meta property=\"og:locale\" content=\"fr_CA\" \/>\n<meta property=\"og:type\" content=\"article\" \/>\n<meta property=\"og:title\" content=\"Responsabilit\u00e9 sociale d&#039;entreprise - Emballage St-Jean\" \/>\n<meta property=\"og:description\" content=\"Ensemble, pour un futur meilleur! Nos employ\u00e9s sont la plus pr\u00e9cieuse ressource de l\u2019entreprise. C\u2019est pourquoi nous travaillons sur de bonnes habitudes de sant\u00e9 et mieux-\u00eatre au sein de notre \u00e9quipe, tout en soutenant la diversit\u00e9 et l\u2019inclusion \u00e0 travers l\u2019ensemble de l\u2019organisation. Nous nous sommes \u00e9galement engag\u00e9 \u00e0 redonner aux communaut\u00e9s dans lesquelles nous [&hellip;]\" \/>\n<meta property=\"og:url\" content=\"https:\/\/www.sjpack.com\/fr\/corporate-social-responsibility\/\" \/>\n<meta property=\"og:site_name\" content=\"Emballage St-Jean\" \/>\n<meta property=\"article:modified_time\" content=\"2024-07-31T16:30:01+00:00\" \/>\n<meta property=\"og:image\" content=\"https:\/\/www.sjpack.com\/wp-content\/uploads\/2018\/06\/share.png\" \/>\n\t<meta property=\"og:image:width\" content=\"1200\" \/>\n\t<meta property=\"og:image:height\" content=\"630\" \/>\n<meta property=\"fb:app_id\" content=\"611750349471594\" \/>\n<meta name=\"twitter:label1\" content=\"Written by\">\n\t<meta name=\"twitter:data1\" content=\"Genevieve Remillard\">\n\t<meta name=\"twitter:label2\" content=\"Est. reading time\">\n\t<meta name=\"twitter:data2\" content=\"0 minute\">\n<script type=\"application\/ld+json\" class=\"yoast-schema-graph\">{\"@context\":\"https:\/\/schema.org\",\"@graph\":[{\"@type\":\"WebSite\",\"@id\":\"https:\/\/www.sjpack.com\/#website\",\"url\":\"https:\/\/www.sjpack.com\/\",\"name\":\"Emballage St-Jean\",\"description\":\"\",\"potentialAction\":[{\"@type\":\"SearchAction\",\"target\":\"https:\/\/www.sjpack.com\/?s={search_term_string}\",\"query-input\":\"required name=search_term_string\"}],\"inLanguage\":\"fr-CA\"},{\"@type\":\"WebPage\",\"@id\":\"https:\/\/www.sjpack.com\/fr\/corporate-social-responsibility\/#webpage\",\"url\":\"https:\/\/www.sjpack.com\/fr\/corporate-social-responsibility\/\",\"name\":\"Responsabilit\\u00e9 sociale d'entreprise - Emballage St-Jean\",\"isPartOf\":{\"@id\":\"https:\/\/www.sjpack.com\/#website\"},\"datePublished\":\"2021-03-10T08:27:17+00:00\",\"dateModified\":\"2024-07-31T16:30:01+00:00\",\"inLanguage\":\"fr-CA\",\"potentialAction\":[{\"@type\":\"ReadAction\",\"target\":[\"https:\/\/www.sjpack.com\/fr\/corporate-social-responsibility\/\"]}]}]}<\/script>\n<!-- \/ Yoast SEO plugin. -->","_links":{"self":[{"href":"https:\/\/www.sjpack.com\/fr\/wp-json\/wp\/v2\/pages\/4899\/"}],"collection":[{"href":"https:\/\/www.sjpack.com\/fr\/wp-json\/wp\/v2\/pages\/"}],"about":[{"href":"https:\/\/www.sjpack.com\/fr\/wp-json\/wp\/v2\/types\/page\/"}],"author":[{"embeddable":true,"href":"https:\/\/www.sjpack.com\/fr\/wp-json\/wp\/v2\/users\/5\/"}],"replies":[{"embeddable":true,"href":"https:\/\/www.sjpack.com\/fr\/wp-json\/wp\/v2\/comments\/?post=4899"}],"version-history":[{"count":3,"href":"https:\/\/www.sjpack.com\/fr\/wp-json\/wp\/v2\/pages\/4899\/revisions\/"}],"predecessor-version":[{"id":6346,"href":"https:\/\/www.sjpack.com\/fr\/wp-json\/wp\/v2\/pages\/4899\/revisions\/6346\/"}],"wp:attachment":[{"href":"https:\/\/www.sjpack.com\/fr\/wp-json\/wp\/v2\/media\/?parent=4899"}],"curies":[{"name":"wp","href":"https:\/\/api.w.org\/{rel}","templated":true}]}}

Responsabilité sociale d&rsquo;entreprise

<h3><b>Ensemble, pour un futur meilleur!</b></h3>
<p>Nos employés sont la plus précieuse ressource de l’entreprise. C’est pourquoi nous travaillons sur de bonnes habitudes de santé et mieux-être au sein de notre équipe, tout en soutenant la diversité et l’inclusion à travers l’ensemble de l’organisation. Nous nous sommes également engagé à redonner aux communautés dans lesquelles nous évoluons tout en encourageant l’engagement communautaire auprès de notre personnel. </p>

<p>Ensemble, pour un futur meilleur! Nos employés sont la plus précieuse ressource de l’entreprise. C’est pourquoi nous travaillons sur de bonnes habitudes de santé et mieux-être au sein de notre équipe, tout en soutenant la diversité et l’inclusion à travers l’ensemble de l’organisation. Nous nous sommes également engagé à redonner aux communautés dans lesquelles nous [&hellip;]</p>

<!-- This site is optimized with the Yoast SEO plugin v15.2.1 - https://yoast.com/wordpress/plugins/seo/ -->
<meta name="robots" content="index, follow, max-snippet:-1, max-image-preview:large, max-video-preview:-1" />
<link rel="canonical" href="https://www.sjpack.com/fr/corporate-social-responsibility/" />
<meta property="og:locale" content="fr_CA" />
<meta property="og:type" content="article" />
<meta property="og:title" content="Responsabilité sociale d&#039;entreprise - Emballage St-Jean" />
<meta property="og:description" content="Ensemble, pour un futur meilleur! Nos employés sont la plus précieuse ressource de l’entreprise. C’est pourquoi nous travaillons sur de bonnes habitudes de santé et mieux-être au sein de notre équipe, tout en soutenant la diversité et l’inclusion à travers l’ensemble de l’organisation. Nous nous sommes également engagé à redonner aux communautés dans lesquelles nous [&hellip;]" />
<meta property="og:url" content="https://www.sjpack.com/fr/corporate-social-responsibility/" />
<meta property="og:site_name" content="Emballage St-Jean" />
<meta property="article:modified_time" content="2024-07-31T16:30:01+00:00" />
<meta property="og:image" content="https://www.sjpack.com/wp-content/uploads/2018/06/share.png" />
	<meta property="og:image:width" content="1200" />
	<meta property="og:image:height" content="630" />
<meta property="fb:app_id" content="611750349471594" />
<meta name="twitter:label1" content="Written by">
	<meta name="twitter:data1" content="Genevieve Remillard">
	<meta name="twitter:label2" content="Est. reading time">
	<meta name="twitter:data2" content="0 minute">
<script type="application/ld+json" class="yoast-schema-graph">{"@context":"https://schema.org","@graph":[{"@type":"WebSite","@id":"https://www.sjpack.com/#website","url":"https://www.sjpack.com/","name":"Emballage St-Jean","description":"","potentialAction":[{"@type":"SearchAction","target":"https://www.sjpack.com/?s={search_term_string}","query-input":"required name=search_term_string"}],"inLanguage":"fr-CA"},{"@type":"WebPage","@id":"https://www.sjpack.com/fr/corporate-social-responsibility/#webpage","url":"https://www.sjpack.com/fr/corporate-social-responsibility/","name":"Responsabilit\u00e9 sociale d'entreprise - Emballage St-Jean","isPartOf":{"@id":"https://www.sjpack.com/#website"},"datePublished":"2021-03-10T08:27:17+00:00","dateModified":"2024-07-31T16:30:01+00:00","inLanguage":"fr-CA","potentialAction":[{"@type":"ReadAction","target":["https://www.sjpack.com/fr/corporate-social-responsibility/"]}]}]}</script>
<!-- / Yoast SEO plugin. -->
